 is the remainder when 101426 is divided by 29?
13
What is the remainder when 36766 is divided by 96?
94
What is the remainder when 828749 is divided by 26?
25
Calculate the remainder when 10642 is divided by 507.
502
What is the remainder when 300845 is divided by 173?
171
Calculate the remainder when 20705 is divided by 2368.
1761
What is the remainder when 276634 is divided by 83?
78
Calculate the remainder when 23140 is divided by 29.
27
Calculate the remainder when 3773 is divided by 933.
41
Calculate the remainder when 1701 is divided by 287.
266
What is the remainder when 427300 is divided by 2273?
2249
Calculate the remainder when 7169 is divided by 7123.
46
What is the remainder when 17102 is divided by 59?
51
Calculate the remainder when 1877896 is divided by 74.
72
Calculate the remainder when 3596 is divided by 1797.
2
Calculate the remainder when 3181 is divided by 413.
290
Calculate the remainder when 255803 is divided by 85262.
17
What is the remainder when 14085 is divided by 511?
288
What is the remainder when 1770152 is divided by 177015?
2
Calculate the remainder when 43872 is divided by 21931.
10
Calculate the remainder when 62886 is divided by 12.
6
What is the remainder when 997026 is divided by 33?
30
What is the remainder when 10141 is divided by 2020?
41
Calculate the remainder when 97996 is divided by 3629.
13
What is the remainder when 31865 is divided by 192?
185
Calculate the remainder when 50401 is divided by 16771.
88
What is the remainder when 33931 is divided by 6762?
121
Calculate the remainder when 630861 is divided by 80.
61
Calculate the remainder when 564536 is divided by 783.
776
Calculate the remainder when 191624 is divided by 112.
104
What is the remainder when 72720 is divided by 996?
12
What is the remainder when 21970 is divided by 15?
10
What is the remainder when 72489 is divided by 81?
75
Calculate the remainder when 27570 is divided by 438.
414
Calculate the remainder when 3331514 is divided by 671.
670
What is the remainder when 2308 is divided by 812?
684
Calculate the remainder when 104506 is divided by 18.
16
What is the remainder when 15690 is divided by 2494?
726
Calculate the remainder when 3099 is divided by 1402.
295
Calculate the remainder when 273184 is divided by 9.
7
Calculate the remainder when 67464 is divided by 1378.
1320
Calculate the remainder when 448 is divided by 142.
22
What is the remainder when 25747 is divided by 8575?
22
What is the remainder when 4423703 is divided by 11?
9
Calculate the remainder when 68 is divided by 56.
12
Calculate the remainder when 641647 is divided by 1475.
22
What is the remainder when 4195 is divided by 531?
478
Calculate the remainder when 29245 is divided by 457.
454
What is the remainder when 550 is divided by 273?
4
Calculate the remainder when 13910 is divided by 18.
14
Calculate the remainder when 162 is divided by 69.
24
Calculate the remainder when 5462 is divided by 165.
17
What is the remainder when 52379 is divided by 20?
19
What is the remainder when 657755 is divided by 328873?
9
What is the remainder when 4951043 is divided by 12?
11
Calculate the remainder when 1892 is divided by 636.
620
Calculate the remainder when 2493 is divided by 1252.
1241
Calculate the remainder when 118933 is divided by 908.
893
What is the remainder when 8866 is divided by 2952?
10
Calculate the remainder when 51109 is divided by 51.
7
What is the remainder when 406891 is divided by 17?
13
What is the remainder when 399339 is divided by 399313?
26
Calculate the remainder when 1247 is divided by 103.
11
Calculate the remainder when 5203 is divided by 1703.
94
Calculate the remainder when 686926 is divided by 73.
69
What is the remainder when 1445710 is divided by 421?
417
Calculate the remainder when 1870 is divided by 378.
358
What is the remainder when 1793 is divided by 19?
7
What is the remainder when 2367 is divided by 46?
21
Calculate the remainder when 22047 is divided by 3669.
33
Calculate the remainder when 165726 is divided by 2098.
2082
What is the remainder when 20161 is divided by 148?
33
What is the remainder when 35796 is divided by 32?
20
Calculate the remainder when 43646 is divided by 150.
146
Calculate the remainder when 8037 is divided by 322.
309
What is the remainder when 3082617 is divided by 11?
10
Calculate the remainder when 13869 is divided by 1397.
1296
Calculate the remainder when 4642 is divided by 1524.
70
Calculate the remainder when 705542 is divided by 2045.
17
Calculate the remainder when 49729 is divided by 208.
17
What is the remainder when 12433 is divided by 1776?
1
Calculate the remainder when 20818 is divided by 5135.
278
Calculate the remainder when 37211 is divided by 13.
5
What is the remainder when 32761 is divided by 15?
1
What is the remainder when 1624 is divided by 805?
14
Calculate the remainder when 333753 is divided by 166860.
33
What is the remainder when 24564 is divided by 3508?
8
What is the remainder when 92972 is divided by 122?
8
Calculate the remainder when 185496 is divided by 527.
519
What is the remainder when 249480 is divided by 1099?
7
What is the remainder when 1510 is divided by 304?
294
Calculate the remainder when 12203 is divided by 1123.
973
What is the remainder when 1446 is divided by 733?
713
Calculate the remainder when 351365 is divided by 175681.
3
Calculate the remainder when 680 is divided by 595.
85
What is the remainder when 31301 is divided by 4467?
32
Calculate the remainder when 520628 is divided by 37186.
24
Calculate the remainder when 12663 is divided by 6330.
3
What is the remainder when 82797 is divided by 182?
169
What is the remainder when 3654 is divided by 52?
14
Calculate the remainder when 43305 is divided by 142.
137
Calculate the remainder when 5021 is divided by 501.
11
Calculate the remainder when 1827174 is divided by 355.
344
What is the remainder when 1676 is divided by 135?
56
What is the remainder when 1091178 is divided by 545582?
14
What is the remainder when 2993629 is divided by 32?
29
What is the remainder when 3706 is divided by 469?
423
What is the remainder when 9144 is divided by 24?
0
What is the remainder when 43313 is divided by 26?
23
What is the remainder when 164002 is divided by 54665?
7
What is the remainder when 2970216 is divided by 44?
40
Calculate the remainder when 9479 is divided by 286.
41
What is the remainder when 1086 is divided by 27?
6
What is the remainder when 33232 is divided by 33227?
5
Calculate the remainder when 4355 is divided by 279.
170
What is the remainder when 8318 is divided by 130?
128
Calculate the remainder when 144092 is divided by 114.
110
What is the remainder when 1028 is divided by 259?
251
What is the remainder when 399381 is divided by 133127?
0
What is the remainder when 53308 is divided by 544?
540
Calculate the remainder when 18979 is divided by 1725.
4
Calculate the remainder when 1008697 is divided by 336227.
16
What is the remainder when 363218 is divided by 41?
40
What is the remainder when 106678 is divided by 1317?
1
Calculate the remainder when 1438 is divided by 30.
28
Calculate the remainder when 57077 is divided by 86.
59
Calculate the remainder when 256097 is divided by 538.
9
Calculate the remainder when 6819 is divided by 74.
11
Calculate the remainder when 252624 is divided by 36.
12
Calculate the remainder when 3107 is divided by 240.
227
What is the remainder when 248 is divided by 59?
12
Calculate the remainder when 538343 is divided by 335.
333
What is the remainder when 2274 is divided by 2194?
80
What is the remainder when 41880 is divided by 352?
344
Calculate the remainder when 638 is divided by 614.
24
Calculate the remainder when 27955 is divided by 40.
35
Calculate the remainder when 1458 is divided by 601.
256
Calculate the remainder when 2389 is divided by 340.
9
What is the remainder when 212 is divided by 57?
41
What is the remainder when 86846 is divided by 43372?
102
Calculate the remainder when 2830 is divided by 81.
76
What is the remainder when 5261 is divided by 556?
257
Calculate the remainder when 15466 is divided by 351.
22
What is the remainder when 24277 is divided by 171?
166
Calculate the remainder when 74198 is divided by 28.
26
What is the remain